{"id":355,"date":"2024-12-16T11:42:57","date_gmt":"2024-12-16T10:42:57","guid":{"rendered":"https:\/\/www.lichtbund-saar.de\/web\/?page_id=355"},"modified":"2025-06-10T16:44:48","modified_gmt":"2025-06-10T14:44:48","slug":"buchung","status":"publish","type":"page","link":"https:\/\/www.lichtbund-saar.de\/web\/buchung\/","title":{"rendered":"Buchung"},"content":{"rendered":"\n<p>Hier haben Sie die M\u00f6glichkeit den G\u00e4stewohnwagen oder einen Stellplatz f\u00fcr den eigenen Wohnwagen \/ Wohnmobil \/ Zeltplatz zu buchen.<\/p>\n\n\n\n<p><\/p>\n\n\n\n<div class=\"wp-block-buttons is-content-justification-center is-layout-flex wp-container-core-buttons-is-layout-a89b3969 wp-block-buttons-is-layout-flex\">\n<div class=\"wp-block-button\"><a class=\"wp-block-button__link wp-element-button\" href=\"https:\/\/www.lichtbund-saar.de\/web\/buchen\/\">Buchung G\u00e4stewohnwagen<\/a><\/div>\n\n\n\n<div class=\"wp-block-button\"><a class=\"wp-block-button__link has-text-align-center wp-element-button\" href=\"https:\/\/www.lichtbund-saar.de\/web\/buchungsanfrage\/\">Buchung Stellplatz<\/a><\/div>\n<\/div>\n\n\n\n<p><\/p>\n","protected":false},"excerpt":{"rendered":"<p>Hier haben Sie die M\u00f6glichkeit den G\u00e4stewohnwagen oder einen Stellplatz f\u00fcr den eigenen Wohnwagen \/ Wohnmobil \/ Zeltplatz zu buchen.<\/p>\n","protected":false},"author":1,"featured_media":0,"parent":0,"menu_order":0,"comment_status":"closed","ping_status":"closed","template":"","meta":{"footnotes":""},"class_list":["post-355","page","type-page","status-publish","hentry"],"_links":{"self":[{"href":"https:\/\/www.lichtbund-saar.de\/web\/wp-json\/wp\/v2\/pages\/355","targetHints":{"allow":["GET"]}}],"collection":[{"href":"https:\/\/www.lichtbund-saar.de\/web\/wp-json\/wp\/v2\/pages"}],"about":[{"href":"https:\/\/www.lichtbund-saar.de\/web\/wp-json\/wp\/v2\/types\/page"}],"author":[{"embeddable":true,"href":"https:\/\/www.lichtbund-saar.de\/web\/wp-json\/wp\/v2\/users\/1"}],"replies":[{"embeddable":true,"href":"https:\/\/www.lichtbund-saar.de\/web\/wp-json\/wp\/v2\/comments?post=355"}],"version-history":[{"count":4,"href":"https:\/\/www.lichtbund-saar.de\/web\/wp-json\/wp\/v2\/pages\/355\/revisions"}],"predecessor-version":[{"id":571,"href":"https:\/\/www.lichtbund-saar.de\/web\/wp-json\/wp\/v2\/pages\/355\/revisions\/571"}],"wp:attachment":[{"href":"https:\/\/www.lichtbund-saar.de\/web\/wp-json\/wp\/v2\/media?parent=355"}],"curies":[{"name":"wp","href":"https:\/\/api.w.org\/{rel}","templated":true}]}}