{"id":560,"date":"2025-06-09T14:28:40","date_gmt":"2025-06-09T12:28:40","guid":{"rendered":"https:\/\/www.lichtbund-saar.de\/web\/?page_id=560"},"modified":"2025-08-14T17:28:44","modified_gmt":"2025-08-14T15:28:44","slug":"buchungsanfrage","status":"publish","type":"page","link":"https:\/\/www.lichtbund-saar.de\/web\/buchungsanfrage\/","title":{"rendered":"Buchungsanfrage Stellplatz"},"content":{"rendered":"\n<p>Hier k\u00f6nnen Sie einen Stellplatz f\u00fcr einen Wohnwagen, ein Wohnmobil, ein Zelt oder einen Zeltcaravan anfragen. Eine verbindliche Reservierung kommt erst nach schriftlicher Best\u00e4tigung (Email) durch uns zu Stande.<\/p>\n\n\n\n<p><strong>Anreisezeiten<\/strong> nur nach vorheriger Vereinbarung:<br>Montag \u2013 Freitag: 15 \u2013 18 Uhr<br>Samstag: 10 \u2013 18 Uhr<br>Sonntag: 10 \u2013 16 Uhr<br>Sollte es Ihnen nicht m\u00f6glich sein, zu diesen Zeiten anzureisen, melden Sie sich bitte fr\u00fchzeitig telefonisch unter <strong>06874 \/ 6727<\/strong>.<br>Der Campingplatz ist vom 1. Mai bis 5. Oktober f\u00fcr unsere G\u00e4ste ge\u00f6ffnet.<\/p>\n\n\n\n<p><\/p>\n\n\n\n\r\n\r\n\t\t\t \r\n\t\t<!-- styleEfB -->\r\n\t <style>\r\n\t\t@font-face {  font-family: \"bootstrap-icons\";  src: url(\"https:\/\/www.lichtbund-saar.de\/web\/wp-content\/plugins\/easy-form-builder\/includes\/admin\/assets\/css\/fonts\/bootstrap-icons.woff2?856008caa5eb66df68595e734e59580d\")\r\n\t   format(\"woff2\"),url(\"https:\/\/www.lichtbund-saar.de\/web\/wp-content\/plugins\/easy-form-builder\/includes\/admin\/assets\/css\/fonts\/bootstrap-icons.woff?856008caa5eb66df68595e734e59580d\") format(\"woff\");}[class^=\"bi-\"]::before,[class*=\" bi-\"]::before {  display: inline-block;  font-family: bootstrap-icons !important;  font-style: normal;  font-weight: normal !important;  font-variant: normal;  text-transform: none;  line-height: 1;  vertical-align: -.125em;  -webkit-font-smoothing: antialiased;  -moz-osx-font-smoothing: grayscale;}\r\n\t    .bi-ui-checks-grid::before {content:\"\\f5f8\";} .bi-chevron-right::before {content:\"\\f285\";} .bi-chevron-left::before {content:\"\\f284\";} .bi-hand-thumbs-up-fill::before {content:\"\\f406\";} .bi-clipboard-check::before {content:\"\\f28b\";} .bi-shield-lock-fill::before {content:\"\\f537\";} .bi-exclamation-triangle-fill::before {content:\"\\f33a\";} .bi-exclamation-diamond-fill::before {content:\"\\f334\";} .bi-check2-square::before {content:\"\\f271\";} .bi-hourglass-split::before {content:\"\\f41f\";} .bi-chat-square-text::before {content:\"\\f264\";} .bi-download::before {content:\"\\f30a\";} .bi-star-fill::before {content:\"\\f586\";} .bi-hand-thumbs-up::before {content:\"\\f407\";} .bi-envelope::before {content:\"\\f32f\";} .bi-arrow-right::before {content:\"\\f138\";} .bi-arrow-left::before {content:\"\\f12f\";} .bi-upload::before {content:\"\\f603\";} .bi-x-lg::before {content:\"\\f659\";} .bi-file-earmark-richtext::before {content:\"\\f383\";} .bi-check-square::before {content:\"\\f26d\";} .bi-square::before {content:\"\\f584\";} .bi-chevron-down::before {content:\"\\f282\";} .bi-check-lg::before {content:\"\\f633\";} .bi-crosshair::before {content:\"\\f769\";}\r\n\t\t\t<\/style>\r\n\t\r\n\t\t\t <div style=\"display:none;\"><i class='bi bi-ui-checks-grid'><\/i><i class='bi bi-chevron-right'><\/i><i class='bi bi-chevron-left'><\/i><i class='bi bi-hand-thumbs-up-fill'><\/i><i class='bi bi-ui-checks-grid'><\/i><i class='bi bi-clipboard-check'><\/i><i class='bi bi-shield-lock-fill'><\/i><i class='bi bi-exclamation-triangle-fill'><\/i><i class='bi bi-exclamation-diamond-fill'><\/i><i class='bi bi-check2-square'><\/i><i class='bi bi-hourglass-split'><\/i><i class='bi bi-chat-square-text'><\/i><i class='bi bi-download'><\/i><i class='bi bi-star-fill'><\/i><i class='bi bi-hourglass-split'><\/i><i class='bi bi-hand-thumbs-up'><\/i><i class='bi bi-envelope'><\/i><i class='bi bi-arrow-right'><\/i><i class='bi bi-arrow-left'><\/i><i class='bi bi-upload'><\/i><i class='bi bi-x-lg'><\/i><i class='bi bi-file-earmark-richtext'><\/i><i class='bi bi-check-square'><\/i><i class='bi bi-square'><\/i><i class='bi bi-chevron-down'><\/i><i class='bi bi-check-lg'><\/i><i class='bi bi-crosshair'><\/i><\/div>\r\n\t\t\t <div id='body_efb' class='efb  row pb-3 efb px-2'>\r\n\t\t\t <div class='efb text-center my-5'>\r\n\t\t\t \r\n\r\n\t\t<h3  class=\"efb fs-5\" style=\"justify-content: center; align-items: center;  text-align: center;\">Das Formular wird geladen <br><span class=\"efb  text-center fs-7\">Bitte warten<\/span> <\/h3>\r\n\t\t\r\n\t\t\t <!--efb-->\r\n\t\t\t <!--efb-->\r\n\t\t\t <\/div>\r\n\t\t\t <\/div><div id='alert_efb' class='efb mx-5'><div class='efb d-none' style='display: none !important;'><!--efb--><\/div><\/div>\r\n\t\t\t \r\n\t\t\t \n\n\n\n<p><strong>Bitte beachten:<\/strong><br>Die Zuweisung eine Stellplatzes erfolgt nach L\u00e4nge des Wohnwagens, daher ist die Angabe einer Gesamtl\u00e4nge oder Typenbezeichnung erforderlich.<br>Eine verbindliche Reservierung erfolgt erst nach schriftlicher Best\u00e4tigung (Email) durch uns.<br>Die Bezahlung erfolgt vor Ort und ist nur in Form von Bargeld m\u00f6glich.<br>Die Abreise hat bis sp\u00e4testens 11 Uhr zu erfolgen.<br>Wenn Sie kein Mitglied im DFK\/INF sind, ist eine telefonische Buchung erforderlich. Die telefonische Buchung ist ebenfalls erforderlich, wenn Sie Alleinreisend sind.<br>Pro Stellplatz ist maximal 1 Hund erlaubt. Bitte informieren Sie sich \u00fcber die geltende <a href=\"https:\/\/www.lichtbund-saar.de\/web\/?page_id=578\" data-type=\"page\" data-id=\"578\">Hundeverordnung<\/a> bevor Sie eine Buchung t\u00e4tigen.<br>Wir sind kein kommerzieller Campingplatz, sondern ein eingetragener Verein. Alle unsere Aktivit\u00e4ten sind ehrenamtlich. Wir freuen uns, Sie als unsere G\u00e4ste auf unserem Gel\u00e4nde begr\u00fc\u00dfen zu d\u00fcrfen.<\/p>\n\n\n\n<p><\/p>\n\n\n\n<p><\/p>\n\n\n\n<p class=\"has-text-align-center\"><strong>Preisliste<\/strong><\/p>\n\n\n\n<p><\/p>\n\n\n\n<figure class=\"wp-block-table\"><table class=\"has-fixed-layout\"><tbody><tr><td>Stellplatz pro Tag<\/td><td>12,00 \u20ac<\/td><\/tr><tr><td>Tagesgeb\u00fchr pro Person ab 18 Jahren<\/td><td>6,00 \u20ac<\/td><\/tr><tr><td>Tagesgeb\u00fchr pro Person unter 18 Jahren<\/td><td>kostenfrei<\/td><\/tr><tr><td>Strompauschale pro Tag<\/td><td>5,00 \u20ac<\/td><\/tr><tr><td>Strompauschale e-Fahrzeug \/ Tag<\/td><td>keine Ladem\u00f6glichkeit vor Ort<\/td><\/tr><tr><td>K\u00fcchennutzung (optional)<br>pro Tag \/ pro Person<\/td><td>1,00 \u20ac<\/td><\/tr><tr><td>Tagesbeitrag Hund<br>Wochenbeitrag Hund<\/td><td>3,00 \u20ac \/ Tag<br>10,00 \u20ac \/ Woche<\/td><\/tr><\/tbody><\/table><\/figure>\n","protected":false},"excerpt":{"rendered":"<p>Hier k\u00f6nnen Sie einen Stellplatz f\u00fcr einen Wohnwagen, ein Wohnmobil, ein Zelt oder einen Zeltcaravan anfragen. Eine verbindliche Reservierung kommt erst nach schriftlicher Best\u00e4tigung (Email) durch uns zu Stande. Anreisezeiten nur nach vorheriger Vereinbarung:Montag \u2013 Freitag: 15 \u2013 18 UhrSamstag: 10 \u2013 18 UhrSonntag: 10 \u2013 16 UhrSollte es Ihnen nicht m\u00f6glich sein, zu diesen [&hellip;]<\/p>\n","protected":false},"author":1,"featured_media":0,"parent":0,"menu_order":0,"comment_status":"closed","ping_status":"closed","template":"","meta":{"footnotes":""},"class_list":["post-560","page","type-page","status-publish","hentry"],"_links":{"self":[{"href":"https:\/\/www.lichtbund-saar.de\/web\/wp-json\/wp\/v2\/pages\/560","targetHints":{"allow":["GET"]}}],"collection":[{"href":"https:\/\/www.lichtbund-saar.de\/web\/wp-json\/wp\/v2\/pages"}],"about":[{"href":"https:\/\/www.lichtbund-saar.de\/web\/wp-json\/wp\/v2\/types\/page"}],"author":[{"embeddable":true,"href":"https:\/\/www.lichtbund-saar.de\/web\/wp-json\/wp\/v2\/users\/1"}],"replies":[{"embeddable":true,"href":"https:\/\/www.lichtbund-saar.de\/web\/wp-json\/wp\/v2\/comments?post=560"}],"version-history":[{"count":9,"href":"https:\/\/www.lichtbund-saar.de\/web\/wp-json\/wp\/v2\/pages\/560\/revisions"}],"predecessor-version":[{"id":616,"href":"https:\/\/www.lichtbund-saar.de\/web\/wp-json\/wp\/v2\/pages\/560\/revisions\/616"}],"wp:attachment":[{"href":"https:\/\/www.lichtbund-saar.de\/web\/wp-json\/wp\/v2\/media?parent=560"}],"curies":[{"name":"wp","href":"https:\/\/api.w.org\/{rel}","templated":true}]}}