{"id":90,"date":"2024-12-05T16:13:02","date_gmt":"2024-12-05T15:13:02","guid":{"rendered":"https:\/\/www.lichtbund-saar.de\/web\/?page_id=90"},"modified":"2025-08-13T14:49:29","modified_gmt":"2025-08-13T12:49:29","slug":"willkommen-beim-lichbund-saar-e-v","status":"publish","type":"page","link":"https:\/\/www.lichtbund-saar.de\/web\/","title":{"rendered":"Willkommen beim Lichtbund Saar e.V."},"content":{"rendered":"\n<p>Entspannen im Einklang mit der Natur. Willkommen auf der Homepage des Lichtbund Saar e.V. mit gro\u00dfz\u00fcgigem Campingplatz in Nunkirchen (Wadern).<\/p>\n\n\n\n<figure class=\"wp-block-video\"><video height=\"720\" style=\"aspect-ratio: 1280 \/ 720;\" width=\"1280\" autoplay controls loop muted preload=\"auto\" src=\"https:\/\/www.lichtbund-saar.de\/web\/wp-content\/uploads\/2024\/12\/lbs_drohne_1280.mp4\"><\/video><\/figure>\n\n\n\n<div class=\"wp-block-columns alignfull are-vertically-aligned-center has-accent-5-background-color has-background is-layout-flex wp-container-core-columns-is-layout-28f84493 wp-block-columns-is-layout-flex\">\n<div class=\"wp-block-column is-vertically-aligned-center is-layout-flow wp-block-column-is-layout-flow\" style=\"flex-basis:33.34%\">\n<div class=\"wp-block-cover is-light has-custom-content-position is-position-center-left\" style=\"min-height:484px;aspect-ratio:unset;\"><span aria-hidden=\"true\" class=\"wp-block-cover__background has-background-dim-0 has-background-dim\"><\/span><div class=\"wp-block-cover__inner-container is-layout-flow wp-block-cover-is-layout-flow\">\n<figure class=\"wp-block-image alignleft size-large\"><img loading=\"lazy\" decoding=\"async\" width=\"1024\" height=\"768\" src=\"https:\/\/www.lichtbund-saar.de\/web\/wp-content\/uploads\/2024\/11\/vereinshaus-webseite-1024x768.jpg\" alt=\"\" class=\"wp-image-12\" style=\"aspect-ratio:3\/4;object-fit:contain\" srcset=\"https:\/\/www.lichtbund-saar.de\/web\/wp-content\/uploads\/2024\/11\/vereinshaus-webseite-1024x768.jpg 1024w, https:\/\/www.lichtbund-saar.de\/web\/wp-content\/uploads\/2024\/11\/vereinshaus-webseite-300x225.jpg 300w, https:\/\/www.lichtbund-saar.de\/web\/wp-content\/uploads\/2024\/11\/vereinshaus-webseite-768x576.jpg 768w, https:\/\/www.lichtbund-saar.de\/web\/wp-content\/uploads\/2024\/11\/vereinshaus-webseite-1536x1152.jpg 1536w, https:\/\/www.lichtbund-saar.de\/web\/wp-content\/uploads\/2024\/11\/vereinshaus-webseite.jpg 2016w\" sizes=\"auto, (max-width: 1024px) 100vw, 1024px\" \/><\/figure>\n<\/div><\/div>\n<\/div>\n\n\n\n<div class=\"wp-block-column is-vertically-aligned-center is-layout-flow wp-block-column-is-layout-flow\" style=\"flex-basis:33.34%\">\n<p><br><br>Unser Vereinsgel\u00e4nde in naturbelassener Idylle befindet sich direkt hinter dem Schloss M\u00fcnchweiler im Kreis Merzig-Wadern. Uns stehen ca. 80 Stellpl\u00e4tze f\u00fcr Wohnwagen und Zelte zur Verf\u00fcgung, die ausreichend Komfort f\u00fcr alle Mitglieder bieten. F\u00fcr G\u00e4ste k\u00f6nnen wir gen\u00fcgend Stellpl\u00e4tze mit Stromanschluss f\u00fcr Zelte, Wohnwagen oder Wohnmobile bereit stellen. Wir verbringen unsere Freizeit mit Petanque, Softballtennis und Wandern ohne dass die Geselligkeit zu kurz kommt. All diese Aktivit\u00e4ten werden auf unserem naturbelassenen, paradiesisch anmutenden Vereinsgel\u00e4nde bei entsprechender Witterung in nat\u00fcrlicher Nacktheit ausge\u00fcbt. Damit findet Ihr bei uns das einzige Gel\u00e4nde f\u00fcr Freik\u00f6rperkultur im Saarland. Bei Vereinsfesten und Turnieren sind uns G\u00e4ste, Freunde aus anderen Vereinen und Mitglieder des DFK bzw. INF herzlich willkommen.<\/p>\n<\/div>\n\n\n\n<div class=\"wp-block-column is-vertically-aligned-center is-layout-flow wp-block-column-is-layout-flow\" style=\"flex-basis:33.33%\">\n<figure class=\"wp-block-image aligncenter size-large is-resized\"><img loading=\"lazy\" decoding=\"async\" width=\"768\" height=\"1024\" src=\"https:\/\/www.lichtbund-saar.de\/web\/wp-content\/uploads\/2024\/12\/Sep-2019--768x1024.jpg\" alt=\"\" class=\"wp-image-319\" style=\"width:306px;height:auto\" srcset=\"https:\/\/www.lichtbund-saar.de\/web\/wp-content\/uploads\/2024\/12\/Sep-2019--768x1024.jpg 768w, https:\/\/www.lichtbund-saar.de\/web\/wp-content\/uploads\/2024\/12\/Sep-2019--225x300.jpg 225w, https:\/\/www.lichtbund-saar.de\/web\/wp-content\/uploads\/2024\/12\/Sep-2019--1152x1536.jpg 1152w, https:\/\/www.lichtbund-saar.de\/web\/wp-content\/uploads\/2024\/12\/Sep-2019--1536x2048.jpg 1536w, https:\/\/www.lichtbund-saar.de\/web\/wp-content\/uploads\/2024\/12\/Sep-2019--scaled.jpg 1920w\" sizes=\"auto, (max-width: 768px) 100vw, 768px\" \/><\/figure>\n<\/div>\n<\/div>\n\n\n\n<div class=\"wp-block-columns alignfull has-accent-background-color has-background is-layout-flex wp-container-core-columns-is-layout-28f84493 wp-block-columns-is-layout-flex\">\n<div class=\"wp-block-column is-layout-flow wp-block-column-is-layout-flow\" style=\"flex-basis:33.34%\">\n<div class=\"wp-block-cover is-light has-custom-content-position is-position-center-left\" style=\"min-height:484px;aspect-ratio:unset;\"><span aria-hidden=\"true\" class=\"wp-block-cover__background has-background-dim-0 has-background-dim\"><\/span><div class=\"wp-block-cover__inner-container is-layout-flow wp-block-cover-is-layout-flow\">\n<figure class=\"wp-block-image size-large\"><img loading=\"lazy\" decoding=\"async\" width=\"1024\" height=\"768\" src=\"https:\/\/www.lichtbund-saar.de\/web\/wp-content\/uploads\/2024\/11\/weiher-webseite-1024x768.jpg\" alt=\"\" class=\"wp-image-13\" style=\"aspect-ratio:3\/4;object-fit:contain\" srcset=\"https:\/\/www.lichtbund-saar.de\/web\/wp-content\/uploads\/2024\/11\/weiher-webseite-1024x768.jpg 1024w, https:\/\/www.lichtbund-saar.de\/web\/wp-content\/uploads\/2024\/11\/weiher-webseite-300x225.jpg 300w, https:\/\/www.lichtbund-saar.de\/web\/wp-content\/uploads\/2024\/11\/weiher-webseite-768x576.jpg 768w, https:\/\/www.lichtbund-saar.de\/web\/wp-content\/uploads\/2024\/11\/weiher-webseite-1536x1152.jpg 1536w, https:\/\/www.lichtbund-saar.de\/web\/wp-content\/uploads\/2024\/11\/weiher-webseite.jpg 2016w\" sizes=\"auto, (max-width: 1024px) 100vw, 1024px\" \/><\/figure>\n<\/div><\/div>\n<\/div>\n\n\n\n<div class=\"wp-block-column is-vertically-aligned-center is-layout-flow wp-block-column-is-layout-flow\" style=\"flex-basis:33.34%\">\n<p class=\"has-medium-font-size\" style=\"margin-top:0;margin-right:0;margin-bottom:0;margin-left:0\">Neben dem gro\u00dfen Naturbecken stehen zwei Waschh\u00e4user mit Toiletten und Duschen kostenfrei zur Verf\u00fcgung. Im Winter besteht zudem die M\u00f6glichkeit, die vereinseigene Sauna zu nutzen. An den Wochenenden findet ein Getr\u00e4nkeverkauf statt, au\u00dferdem ist die Nutzung der K\u00fcche inkl. Elektroger\u00e4ten f\u00fcr eine geringe Geb\u00fchr m\u00f6glich.<\/p>\n<\/div>\n\n\n\n<div class=\"wp-block-column is-layout-flow wp-block-column-is-layout-flow\"><\/div>\n\n\n\n<div class=\"wp-block-column is-vertically-aligned-center is-layout-flow wp-block-column-is-layout-flow\" style=\"flex-basis:33.33%\">\n<figure class=\"wp-block-image size-large is-resized\"><img loading=\"lazy\" decoding=\"async\" width=\"576\" height=\"1024\" src=\"https:\/\/www.lichtbund-saar.de\/web\/wp-content\/uploads\/2025\/08\/Dusche_Lichtbund_Neu-576x1024.jpg\" alt=\"\" class=\"wp-image-611\" style=\"width:249px;height:auto\" srcset=\"https:\/\/www.lichtbund-saar.de\/web\/wp-content\/uploads\/2025\/08\/Dusche_Lichtbund_Neu-576x1024.jpg 576w, https:\/\/www.lichtbund-saar.de\/web\/wp-content\/uploads\/2025\/08\/Dusche_Lichtbund_Neu-169x300.jpg 169w, https:\/\/www.lichtbund-saar.de\/web\/wp-content\/uploads\/2025\/08\/Dusche_Lichtbund_Neu-768x1365.jpg 768w, https:\/\/www.lichtbund-saar.de\/web\/wp-content\/uploads\/2025\/08\/Dusche_Lichtbund_Neu-864x1536.jpg 864w, https:\/\/www.lichtbund-saar.de\/web\/wp-content\/uploads\/2025\/08\/Dusche_Lichtbund_Neu-1152x2048.jpg 1152w, https:\/\/www.lichtbund-saar.de\/web\/wp-content\/uploads\/2025\/08\/Dusche_Lichtbund_Neu-scaled.jpg 1440w\" sizes=\"auto, (max-width: 576px) 100vw, 576px\" \/><\/figure>\n<\/div>\n<\/div>\n\n\n\n<div class=\"wp-block-columns alignfull is-layout-flex wp-container-core-columns-is-layout-28f84493 wp-block-columns-is-layout-flex\">\n<div class=\"wp-block-column is-layout-flow wp-block-column-is-layout-flow\" style=\"flex-basis:100%\">\n<div class=\"wp-block-columns has-accent-4-background-color has-background is-layout-flex wp-container-core-columns-is-layout-28f84493 wp-block-columns-is-layout-flex\">\n<div class=\"wp-block-column is-layout-flow wp-block-column-is-layout-flow\" style=\"flex-basis:40%\">\n<figure class=\"wp-block-image size-large is-resized has-custom-border\" style=\"margin-top:0;margin-right:var(--wp--preset--spacing--30);margin-bottom:0;margin-left:var(--wp--preset--spacing--30)\"><img loading=\"lazy\" decoding=\"async\" width=\"1024\" height=\"740\" src=\"https:\/\/www.lichtbund-saar.de\/web\/wp-content\/uploads\/2024\/11\/06--1024x740.jpg\" alt=\"\" class=\"wp-image-29\" style=\"border-style:none;border-width:0px;aspect-ratio:1;object-fit:contain;width:300px\" srcset=\"https:\/\/www.lichtbund-saar.de\/web\/wp-content\/uploads\/2024\/11\/06--1024x740.jpg 1024w, https:\/\/www.lichtbund-saar.de\/web\/wp-content\/uploads\/2024\/11\/06--300x217.jpg 300w, https:\/\/www.lichtbund-saar.de\/web\/wp-content\/uploads\/2024\/11\/06--768x555.jpg 768w, https:\/\/www.lichtbund-saar.de\/web\/wp-content\/uploads\/2024\/11\/06--1536x1109.jpg 1536w, https:\/\/www.lichtbund-saar.de\/web\/wp-content\/uploads\/2024\/11\/06--2048x1479.jpg 2048w\" sizes=\"auto, (max-width: 1024px) 100vw, 1024px\" \/><\/figure>\n<\/div>\n\n\n\n<div class=\"wp-block-column is-layout-flow wp-block-column-is-layout-flow\" style=\"flex-basis:40%\">\n<p>F\u00fcr unsere G\u00e4ste stehen neben ausreichend Stellpl\u00e4tzen auch ein vollst\u00e4ndig eingerichteter G\u00e4stewohnwagen zur Verf\u00fcgung. Neben einer Kaffeemaschine ist auch eine Herdplatte vorhanden. Die Bettw\u00e4sche wird bereits vom Verein gestellt und muss nicht mitgebracht werden.<\/p>\n\n\n\n<p>Alle Informationen zum G\u00e4stewohnwagen finden Sie hier:<\/p>\n\n\n\n<div class=\"wp-block-buttons is-layout-flex wp-block-buttons-is-layout-flex\">\n<div class=\"wp-block-button\"><a class=\"wp-block-button__link wp-element-button\" href=\"https:\/\/www.lichtbund-saar.de\/web\/gaestewohnwagen\/\">G\u00e4stewohnwagen<\/a><\/div>\n<\/div>\n<\/div>\n\n\n\n<div class=\"wp-block-column is-layout-flow wp-block-column-is-layout-flow\" style=\"flex-basis:40%\">\n<figure class=\"wp-block-image size-large is-resized\" style=\"margin-right:var(--wp--preset--spacing--30);margin-left:var(--wp--preset--spacing--30)\"><img loading=\"lazy\" decoding=\"async\" width=\"1024\" height=\"768\" src=\"https:\/\/www.lichtbund-saar.de\/web\/wp-content\/uploads\/2024\/11\/04--1024x768.jpg\" alt=\"\" class=\"wp-image-30\" style=\"aspect-ratio:4\/3;object-fit:contain;width:350px\" srcset=\"https:\/\/www.lichtbund-saar.de\/web\/wp-content\/uploads\/2024\/11\/04--1024x768.jpg 1024w, https:\/\/www.lichtbund-saar.de\/web\/wp-content\/uploads\/2024\/11\/04--300x225.jpg 300w, https:\/\/www.lichtbund-saar.de\/web\/wp-content\/uploads\/2024\/11\/04--768x576.jpg 768w, https:\/\/www.lichtbund-saar.de\/web\/wp-content\/uploads\/2024\/11\/04--1536x1152.jpg 1536w, https:\/\/www.lichtbund-saar.de\/web\/wp-content\/uploads\/2024\/11\/04--2048x1536.jpg 2048w\" sizes=\"auto, (max-width: 1024px) 100vw, 1024px\" \/><\/figure>\n<\/div>\n<\/div>\n\n\n\n<div class=\"wp-block-columns is-layout-flex wp-container-core-columns-is-layout-28f84493 wp-block-columns-is-layout-flex\">\n<div class=\"wp-block-column is-layout-flow wp-block-column-is-layout-flow\"><\/div>\n\n\n\n<div class=\"wp-block-column is-layout-flow wp-block-column-is-layout-flow\"><\/div>\n<\/div>\n<\/div>\n<\/div>\n\n\n\n<p><\/p>\n\n\n\n<p><\/p>\n","protected":false},"excerpt":{"rendered":"<p>Entspannen im Einklang mit der Natur. Willkommen auf der Homepage des Lichtbund Saar e.V. mit gro\u00dfz\u00fcgigem Campingplatz in Nunkirchen (Wadern). Unser Vereinsgel\u00e4nde in naturbelassener Idylle befindet sich direkt hinter dem Schloss M\u00fcnchweiler im Kreis Merzig-Wadern. Uns stehen ca. 80 Stellpl\u00e4tze f\u00fcr Wohnwagen und Zelte zur Verf\u00fcgung, die ausreichend Komfort f\u00fcr alle Mitglieder bieten. F\u00fcr G\u00e4ste [&hellip;]<\/p>\n","protected":false},"author":1,"featured_media":0,"parent":0,"menu_order":0,"comment_status":"closed","ping_status":"closed","template":"","meta":{"footnotes":""},"class_list":["post-90","page","type-page","status-publish","hentry"],"_links":{"self":[{"href":"https:\/\/www.lichtbund-saar.de\/web\/wp-json\/wp\/v2\/pages\/90","targetHints":{"allow":["GET"]}}],"collection":[{"href":"https:\/\/www.lichtbund-saar.de\/web\/wp-json\/wp\/v2\/pages"}],"about":[{"href":"https:\/\/www.lichtbund-saar.de\/web\/wp-json\/wp\/v2\/types\/page"}],"author":[{"embeddable":true,"href":"https:\/\/www.lichtbund-saar.de\/web\/wp-json\/wp\/v2\/users\/1"}],"replies":[{"embeddable":true,"href":"https:\/\/www.lichtbund-saar.de\/web\/wp-json\/wp\/v2\/comments?post=90"}],"version-history":[{"count":30,"href":"https:\/\/www.lichtbund-saar.de\/web\/wp-json\/wp\/v2\/pages\/90\/revisions"}],"predecessor-version":[{"id":614,"href":"https:\/\/www.lichtbund-saar.de\/web\/wp-json\/wp\/v2\/pages\/90\/revisions\/614"}],"wp:attachment":[{"href":"https:\/\/www.lichtbund-saar.de\/web\/wp-json\/wp\/v2\/media?parent=90"}],"curies":[{"name":"wp","href":"https:\/\/api.w.org\/{rel}","templated":true}]}}